 prime factors of 278137964?
2, 13, 5348807
What are the prime factors of 2113298554?
2, 43, 743, 33073
List the prime factors of 375122957.
11, 853, 39979
List the prime factors of 6838040.
2, 5, 11, 15541
What are the prime factors of 69610072?
2, 7, 19, 65423
List the prime factors of 36935003.
7, 59, 89431
What are the prime factors of 46098393?
3, 11, 53, 26357
List the prime factors of 18480243.
3, 359, 17159
List the prime factors of 81841191.
3, 27280397
What are the prime factors of 39458751?
3, 17, 457, 1693
List the prime factors of 6258051.
3, 61, 11399
What are the prime factors of 19700787?
3, 41, 160169
List the prime factors of 1558207717.
11, 593, 238879
What are the prime factors of 6571674?
2, 3, 331, 1103
What are the prime factors of 12071178?
2, 3, 7, 95803
List the prime factors of 6931299144.
2, 3, 7, 11, 349, 977
List the prime factors of 166577970.
2, 3, 5, 13, 73, 5851
List the prime factors of 109503461.
37, 691, 4283
List the prime factors of 1229472566.
2, 7, 2371, 37039
What are the prime factors of 197226491?
7, 11, 232853
What are the prime factors of 154240773?
3, 6547, 7853
What are the prime factors of 567565721?
97, 5851193
List the prime factors of 1773073589.
7, 6337, 39971
What are the prime factors of 560392878?
2, 3, 19, 4915727
List the prime factors of 267342880.
2, 5, 7, 29, 8231
List the prime factors of 1001204834.
2, 7, 17, 61, 68963
List the prime factors of 3027069.
3, 179, 1879
List the prime factors of 273059791.
83, 3289877
What are the prime factors of 4132121025?
3, 5, 179, 233, 1321
List the prime factors of 37000127.
149, 248323
List the prime factors of 187376821.
569, 329309
List the prime factors of 570575886.
2, 3, 67, 1153, 1231
What are the prime factors of 7703961?
3, 2567987
What are the prime factors of 503835435?
3, 5, 11196343
What are the prime factors of 1458127133?
9419, 154807
List the prime factors of 2740956578.
2, 191, 7175279
List the prime factors of 31303856.
2, 701, 2791
What are the prime factors of 211654029?
3, 17, 193, 21503
List the prime factors of 597412954.
2, 269, 1110433
What are the prime factors of 138328340?
2, 5, 1663, 4159
What are the prime factors of 352103997?
3, 7, 523, 32059
List the prime factors of 12255523.
7, 71, 24659
What are the prime factors of 72803202?
2, 3, 12133867
What are the prime factors of 631610719?
2593, 243583
List the prime factors of 2359969226.
2, 31531, 37423
List the prime factors of 370865774.
2, 113, 967, 1697
What are the prime factors of 104266069?
47, 2218427
List the prime factors of 366712843.
7, 52387549
List the prime factors of 104496349.
67, 1559647
What are the prime factors of 224568861?
3, 11, 17, 151, 241
What are the prime factors of 7237870?
2, 5, 23, 31469
List the prime factors of 2378176123.
2378176123
What are the prime factors of 6295774132?
2, 61, 2467, 10459
List the prime factors of 1154356276.
2, 288589069
List the prime factors of 192089911.
13, 14776147
What are the prime factors of 37837273?
37, 1022629
List the prime factors of 456897879.
3, 50766431
List the prime factors of 3232228978.
2, 11, 59, 2490161
List the prime factors of 37976728.
2, 4747091
What are the prime factors of 97547999?
97547999
List the prime factors of 115264523.
11, 23, 89, 5119
List the prime factors of 9320289981.
3, 1423, 2183249
List the prime factors of 264453400.
2, 5, 19, 69593
List the prime factors of 89340755.
5, 7, 19, 37, 3631
What are the prime factors of 115516337?
115516337
List the prime factors of 107818050.
2, 3, 5, 503, 1429
List the prime factors of 243582491.
191, 229, 5569
What are the prime factors of 507368636?
2, 1039, 122081
List the prime factors of 79050387.
3, 13, 197, 10289
List the prime factors of 160685896.
2, 7, 31, 1889
List the prime factors of 746477118.
2, 3, 3109, 13339
List the prime factors of 67135749.
3, 139, 160997
List the prime factors of 380315333.
53, 7175761
List the prime factors of 326078765.
5, 7247, 8999
What are the prime factors of 3852344545?
5, 7, 79, 1393253
What are the prime factors of 3217974890?
2, 5, 13, 71, 348643
List the prime factors of 17239636.
2, 67, 64327
List the prime factors of 370426470.
2, 3, 5, 19, 649871
List the prime factors of 5787845216.
2, 103, 1756021
List the prime factors of 3708707210.
2, 5, 13, 37, 839, 919
What are the prime factors of 3058626086?
2, 2309, 662327
What are the prime factors of 22654608?
2, 3, 17, 27763
List the prime factors of 75414041.
31, 2432711
List the prime factors of 258493593.
3, 31, 2779501
List the prime factors of 1086897360.
2, 3, 5, 101, 44839
What are the prime factors of 683641165?
5, 9767, 13999
What are the prime factors of 200643459?
3, 5333, 12541
What are the prime factors of 2781999209?
11, 19, 63689
What are the prime factors of 38841697?
38841697
List the prime factors of 1979814024.
2, 3, 2801, 9817
What are the prime factors of 6978650712?
2, 3, 11, 29, 911527
List the prime factors of 85460011.
7, 13, 939121
What are the prime factors of 79783731?
3, 137, 21569
List the prime factors of 5375274251.
17, 4243, 74521
List the prime factors of 101758695.
3, 5, 37, 183349
What are the prime factors of 4151168093?
4151168093
List the prime factors of 2233896880.
2, 5, 19, 77351
What are the prime factors of 16373023?
17, 29, 33211
List the prime factors of 384478091.
19, 103, 223, 881
List the prime factors of 7349966485.
5, 251, 5856547
What are the prime factors of 4185566377?
59, 3343, 21221
What are the prime factors of 50933952?
2, 3, 88427
List the prime factors of 182032737.
3, 6361, 9539
What are the prime factors of 61877210?
2, 5, 71, 87151
List the prime factors of 234459797.
11, 13, 1639579
What are the prime factors of 1966936031?
19, 103522949
What are the prime factors of 373161820?
2, 5, 18658091
What are the prime factors of 593864048?
2, 23, 1613761
What are the prime factors of 24906254?
2, 37, 336571
What are the prime factors of 28106716?
2, 11, 113, 5653
What are the prime factors of 37202006?
2, 41, 453683
List the prime factors of 150905386.
2, 29, 2601817
What are the prime factors of 1717231627?
1847, 929741
List the prime factors of 62606045.
5, 19, 659011
What are the prime factors of 136789956?
2, 3, 17, 101, 2213
List the prime factors of 24263327.
11, 47, 71, 661
What are the prime factors of 8986134?
2, 3, 41, 36529
What are the prime factors of 802200941?
802200941
What are the prime factors of 336264036?
2, 3, 1283, 21841
What are the prime factors of 141928692?
2, 3, 1301, 9091
What are the prime factors of 60416869?
2069, 29201
What are the prime factors of 972823?
972823
What are the prime factors of 746695077?
3, 433, 563, 1021
List the prime factors of 190775704.
2, 7, 3406709
List the prime factors of 958704884.
2, 31, 7731491
List the prime factors of 37598935.
5, 11, 29, 2143
List the prime factors of 4486684.
2, 1121671
List the prime factors of 6616814072.
2, 11, 75191069
What are the prime factors of 34675256?
2, 7, 11, 181, 311
List the prime factors of 365468989.
773, 472793
List the prime factors of 837200481.
3, 13, 1651283
What are the prime factors of 159872954?
2, 19, 23, 182921
List the prime factors of 1190176792.
2, 7, 59, 360223
What are the prime factors of 223745498?
2, 29, 3857681
What are the prime factors of 818528242?
2, 7, 617, 13537
What are the prime factors of 1706744890?
2, 5, 109, 1565821
List the prime factors of 1474914631.
1474914631
List the prime factors of 410204682.
2, 3, 7596383
What are the prime factors of 1181391919?
10357, 114067
What are the prime factors of 183202926?
2, 3, 30533821
What are the prime factors of 104909005?
5, 20981801
What are the prime factors of 772493774?
2, 13, 31, 71, 13499
List the prime factors of 133372645.
5, 7, 53, 71899
List the prime factors of 317099215.
5, 17, 3730579
List the prime factors of 226609657.
226609657
List the prime factors of 611310338.
2, 113, 479, 5647
What are the prime factors of 371198856?
2, 3, 7, 47, 53, 887
What are the prime factors of 1651755753?
3, 61176139
What are the prime factors of 206331438?
2, 3, 53, 648841
What are the prime factors of 1974459254?
2, 17, 31, 691, 2711
What are the prime factors of 14926483?
11, 13, 104381
List the prime factors o